 2*c - 610, z + 0*c - 2*c = -151. Let n = 273 + z. Does 25 divide n?
False
Let l(x) be the third derivative of x**5/60 - 5*x**4/24 + 2*x**3/3 + 3*x**2. Let m be l(4). Suppose 0 = -m*a + 3*a - 18. Is 3 a factor of a?
True
Let d = -40 + 48. Let g(x) = -x**2 + 11*x. Is 9 a factor of g(d)?
False
Let y be (-1 - -6) + (-5 - (0 - 7)). Suppose -y = -v + 5*p + 70, -4*p - 80 = -v. Does 14 divide v?
False
Suppose 2*s - 1847 = -759. Suppose -3*c - 81 = -w - 478, 0 = 4*c - 5*w - s. Is c a multiple of 32?
False
Suppose -6*c + 2*c = 5*h - 283, 350 = 5*c + 5*h. Suppose 4*i = -q + c, 5*q - 335 = -0*q - 4*i. Suppose 0 = 5*l - 38 - q. Does 10 divide l?
False
Suppose -2*r - 3*s - 2*s = 29, 0 = -2*r - 4*s - 28. Let p be 6/(-9) - (-844)/r. Is (-2)/2*-2 - p a multiple of 16?
False
Suppose -2*b + 3*r = b - 18, -3*b - 3*r = -48. Let f(i) = -i + 12. Let y be f(b). Let z = y - -17. Is 9 a factor of z?
True
Suppose -40*h + 21*h + 11191 = 0. Does 9 divide h?
False
Let x be ((-2)/(-4))/(5/30). Let s be 32 + -2 + (-25)/(-5). Is (x + 0)*s/5 a multiple of 4?
False
Let t(v) = 11*v - 7. Let w be t(1). Is w/14 - (-5772)/84 - 0 a multiple of 10?
False
Suppose -2*z + 387 + 195 = 0. Suppose -z = -39*y + 36*y. Does 19 divide y?
False
Does 14 divide (0 + -1)/(109/(-35970))?
False
Suppose 5 - 4 = -r. Let t be r/4 - (-117)/52. Suppose 1 + 11 = t*g. Is g a multiple of 6?
True
Suppose 5*k + 42*s - 44*s = 742, 0 = -k + s + 149. Is 37 a factor of k?
True
Let g = -12 + 13. Suppose x - 1 - g = 0. Let q = 8 - x. Is 3 a factor of q?
True
Suppose 5 = -5*y + 2*l - 4, y - l = 0. Does 18 divide ((-6)/y + -14)*(-27)/18?
True
Suppose 2*d - 3*p - 1115 = 0, -2*d + 560 = -d - 4*p. Is 46 a factor of d?
False
Let g = 408 - 291. Is ((-540)/14)/(g/42 + -3) a multiple of 20?
True
Is 1*((-15)/10)/(5/(-260)) a multiple of 7?
False
Suppose 0 = -k - 5*g + 39, -g + 81 = 3*k + 2*g. Suppose 5*q = k + 236. Is q a multiple of 23?
False
Suppose -35*j - 18 = -32*j. Is 8 a factor of 84/(15/j + 4)?
True
Suppose -2*z + 1 + 6 = -3*u, 2*z = 5*u + 5. Suppose 0 = -5*f + 350 + 150. Suppose l = -0*l - z*i + f, 2*l - 5*i = 185. Is l a multiple of 25?
False
Suppose 2*q = -22*q + 15576. Is 33 a factor of q?
False
Is 4 a factor of -1 - -22 - 4*-1?
False
Suppose 0 = 5*h - 2*p + 20, h - 4*h - 12 = 4*p. Let d be 3/(h - 33/(-6)). Suppose -s + d*k - 256 = -3*s, 4*s - 5*k = 494. Is 42 a factor of s?
True
Suppose -190*f - 14616 = -199*f. Is 58 a factor of f?
True
Let v(i) = -i**2 - 3*i + 4. Let j be v(-4). Suppose 6*x - 3*x - 96 = j. Suppose -12*u + 14*u = x. Is u a multiple of 4?
True
Let t(v) = -v**2 + 3*v + 2. Let o be t(3). Suppose o*x = -0*x. Let c(j) = j**2 + j + 9. Is c(x) a multiple of 3?
True
Suppose 37 - 9 = k. Suppose -2*f = 5*q - 49, 2*q - f - k = f. Is q a multiple of 3?
False
Let y = -108 + 108. Let p = y + 9. Does 9 divide p?
True
Let o = -81 - -50. Let s = o - -47. Is 4 a factor of s?
True
Let t = -90 + 158. Let u = t + -11. Is 6 a factor of u?
False
Let v(s) = -43*s**3 - 10*s**2 - 11*s + 1. Is v(-3) a multiple of 5?
True
Let x = 807 + 695. Is 32 a factor of x?
False
Suppose -2*m - 3*k = -2*k - 684, 1370 = 4*m + k. Does 6 divide m?
False
Let x(q) = -55*q - 13. Let h = -50 + 48. Is x(h) a multiple of 9?
False
Suppose 57 = 3*t - 0*p + p, 5*t - 3*p = 95. Suppose -16*z - 90 = -t*z. Is z a multiple of 21?
False
Let l be 1/(-1) + 0 - 82. Let o = 31 - 66. Let i = o - l. Is i a multiple of 24?
True
Let b = -396 + 398. Let j(q) = q**3 - 3*q**2 + q + 1. Let t be j(3). Does 6 divide t*5 - (b + 1)?
False
Let m = -136 - -216. Is 8 a factor of m?
True
Let z = -1 + 6. Let a(n) be the second derivative of n**3/6 + 3*n**2/2 - 3*n. Does 8 divide a(z)?
True
Suppose 4*u - 700 = 77*l - 78*l, 1395 = 2*l + 3*u. Does 7 divide l?
False
Suppose 22*s + 14 = 322. Is 3 a factor of s?
False
Let f be -1 - ((-82)/(-6) - (-5)/15). Does 4 divide (3 + (-55)/(-15))/((-2)/f)?
False
Let w be 3 - -1 - 8 - -4. Suppose -4*o + 324 - 24 = w. Does 25 divide o?
True
Suppose -3*u = 2*u - 35. Suppose 0 = -3*c - u + 16. Suppose 0 = -c*v - 5*d + 3*d + 96, -5*v + 3*d + 141 = 0. Is v a multiple of 10?
True
Let b(a) = 17*a**2 + 1 + 3*a + 2 - 3*a**2 - 2. Let o be b(-3). Let k = o + -49. Is k a multiple of 23?
True
Suppose 3*r = 2*p - 0*p + 169, 4*r - 256 = -5*p. Suppose -5*u + 523 = -3*a, -254 = -3*u + a + r. Is u a multiple of 27?
False
Suppose -3*r + 1467 = 2*h, -3*r + 2276 + 1369 = 5*h. Does 22 divide h?
True
Let l(w) be the third derivative of -3*w**2 + 1/120*w**6 + 2/15*w**5 + 0*w - 1/2*w**3 + 0 + 1/8*w**4. Does 21 divide l(-5)?
False
Suppose 152 + 183 = -5*y. Let b = 93 + y. Is b a multiple of 13?
True
Let s(z) = 4*z - 4. Let g(t) = -t**2 + 9*t - 11. Let o be g(7). Let m be s(o). Let a(u) = -u**3 + 8*u**2 + u + 4. Is a(m) a multiple of 5?
False
Let m be 3 - (-90 - (-2 - -4)). Suppose v = -4*v + m. Suppose v = 4*r + 2*f - 29, 4*f + 48 = 4*r. Does 3 divide r?
True
Let o(j) = -3*j + 13. Let z(a) = -4*a + 20. Let t(d) = 8*o(d) - 5*z(d). Does 15 divide t(-5)?
False
Let s(k) = -k**3 + 27*k**2 - 2*k - 18. Does 54 divide s(13)?
True
Let b = 1287 - 267. Is b a multiple of 85?
True
Let m be 1/(2/(6 - 4)). Suppose 0 = 4*c - 3*q - m, -5*q + 6 = -3*c - 7. Is c a multiple of 2?
True
Is 22 a factor of (10 - 5)/((-300)/76 + 4)?
False
Let i(u) = u**2 - u - 1. Let x(q) = -q**3 - 6*q**2 + 3*q + 2. Let s(c) = 2*i(c) + x(c). Let n be s(-6). Suppose -2*k = k - n. Is 6 a factor of k?
False
Let n = 56 - 27. Suppose -w = 4*d - 8, -4*w - n + 1 = -4*d. Suppose h + 2*f = -f + 19, 0 = -d*h + 5*f + 1. Is 6 a factor of h?
False
Suppose 0 = -b + 54 - 12. Suppose 0 = -2*n + 8 + b. Does 25 divide n?
True
Let l(s) = 40*s**2 - 30*s - 14. Does 5 divide l(4)?
False
Suppose 2*v = -6*v + 6824. Does 65 divide v?
False
Let h(j) = 2*j + 12. Let n be h(-5). Suppose n*p = 5*p - 54. Is 1362/p + 2/(-3) a multiple of 25?
True
Let s(m) = -12*m - 80. Let z be s(-13). Suppose 86 = 3*b - z. Does 9 divide b?
True
Suppose 0 = -2*q + 4*v + 1064, -3*q + 2176 = q + 4*v. Does 80 divide q?
False
Let q(s) = s**3 + s. Let w be q(1). Let m be (3 + 22)/1 + w. Let f = -19 + m. Is 8 a factor of f?
True
Let w = -17 - -17. Suppose w = 8*i - 6*i - 126. Is i a multiple of 5?
False
Does 4 divide (12/(-18))/(6/(-108))?
True
Let w(a) = -3 - 69*a**2 + 74*a**2 + 2*a - 4*a. Is w(-3) a multiple of 14?
False
Let z = 14 - 11. Let s = z + -2. Suppose 0 = -q + 11 - s. Is q a multiple of 10?
True
Suppose -6*o + 7*o - q = 977, 0 = -2*o - 5*q + 1989. Does 10 divide o?
False
Suppose -97 = 5*a + 338. Let l = 13 - a. Is 8 a factor of l?
False
Let o = -5 + -1. Let f(r) = 2133 - 6*r - 2124 - r**2 + r. Is f(o) even?
False
Suppose -260 = -2*n + d, 0*d - 4*d + 412 = 3*n. Suppose -5*l - z + 208 = 0, 3*l - z - 2*z = n. Is 16 a factor of l?
False
Let i = -286 + 372. Does 8 divide i?
False
Let s = -85 + -12. Let i = s + 186. Is i a multiple of 14?
False
Let m = 237 - 129. Let n be 12*9/24*2. Suppose n*g - 10*g + m = 0. Does 36 divide g?
True
Let y = -77 + 78. Let w(q) = 24*q**2 + q - 1. Is 12 a factor of w(y)?
True
Suppose -s + u + u = -272, 0 = -2*s + 3*u + 539. Does 122 divide s?
False
Suppose 4*t = -2*t + 5586. Suppose -7*k - 63 + t = 0. Is k a multiple of 9?
False
Suppose 0*w + 2*w = 12. Does 6 divide 43 + (-12)/4 + w?
False
Let m be 346/2 + 2/2. Suppose w - 3 = 0, 3*h + 0*w = -4*w + m. Is 10 a factor of h?
False
Suppose -5*u = -6*u, -i - 4*u + 609 = 0. Is i a multiple of 52?
False
Suppose 7*v = 2*v + 25. Suppose v*z - 6*o - 36 = -2*o, -z + 2*o + 6 = 0. Suppose b + 3*p - 6 = 0, -3*p + 2*p + z = b. Is b a multiple of 8?
False
Let r(f) be the second derivative of f**6/360 + f**5/40 + 5*f**4/12 + 7*f**3/6 - 5*f. Let d(n) be the second derivative of r(n). Is d(-10) a multiple of 16?
True
Let d(w) = w**3 + 7*w**2 + 6*w - 3. Let c be d(-6). Let x be 105*(c + 108/28). Does 14 divide x/2 - (-9)/(-3)?
True
Let v(m) = -m**3 + 15*m**2 + 17*m + 2. Suppose 4*k + 15 = 79. Is 2 a factor of v(k)?
True
Suppose -4*a + 6*a - 302 = 0. Is 37 a factor of a?
False
Suppose 21*h + 66 = 24*h. Suppose -864 = 14*y - h*y. Is y a multiple of 18?
True
Let k = 68 - 48. Let x = -513 - -503. Let o = k + x. Is 4 a factor of o?
False
Suppose 0 = -3*f - 3. Suppose 5*o = -4*r + 189, 2*o - 45 = -2*r + 47. Let j = f + r. Does 20 divide j?
True
Let j = 607 + -580. Does 4 divide j?
False
Let t